{"id":1505,"date":"2025-11-22T12:14:08","date_gmt":"2025-11-22T11:14:08","guid":{"rendered":"https:\/\/sens-foi.fr\/?page_id=1505"},"modified":"2025-12-21T16:47:09","modified_gmt":"2025-12-21T15:47:09","slug":"qui-sommes-nous","status":"publish","type":"page","link":"https:\/\/sens-foi.fr\/index.php\/qui-sommes-nous\/","title":{"rendered":"Qui sommes nous"},"content":{"rendered":"<div class=\"wp-block-cover alignfull has-post-link\" style=\"padding-top:var(--wp--preset--spacing--m);padding-bottom:var(--wp--preset--spacing--m);min-height:20vh;aspect-ratio:unset;\"><span aria-hidden=\"true\" class=\"wp-block-cover__background has-primary-background-color has-background-dim-70 has-background-dim\"><\/span><div class=\"wp-block-cover__inner-container is-layout-flow wp-block-cover-is-layout-flow\"><h1 style=\"padding-top:0;padding-bottom:0;margin-top:0;margin-bottom:0;\" class=\"wp-block-post-title\">Qui sommes nous<\/h1>\n\n\n<blockquote class=\"wp-block-quote is-layout-flow wp-block-quote-is-layout-flow\">\n<p>Le festival Art Sens et Foi est n\u00e9 \u00ab&nbsp;par hasard&nbsp;\u00bb, de la surprise de rencontres :<\/p>\n\n\n\n<p>rencontre de Marie Balmary , psychanalyste, lisant le grec et l\u2019h\u00e9breu, par ses \u00e9crits dont \u00ab&nbsp;La divine origine \u2013 Dieu n\u2019a pas cr\u00e9\u00e9 l\u2019homme&nbsp;\u00bb,<\/p>\n\n\n\n<p>rencontre de Fran\u00e7ois Rancillac ayant mis en sc\u00e8ne ce livre dans une pi\u00e8ce \u00ab&nbsp;Cherchez la faute&nbsp;\u00bb,<\/p>\n\n\n\n<p>rencontre de Pauline Pons, guide conf\u00e9renci\u00e8re, de Sophie Galitzine, art-th\u00e9rapeute et de chercheurs de sens de la m\u00e9tropole lilloise.<\/p>\n<cite>Les inspirateurs du projet<\/cite><\/blockquote>\n<\/div><a href=\"https:\/\/sens-foi.fr\/index.php\/qui-sommes-nous\/\" class=\"wp-block-cover__post-link\"><span class=\"screen-reader-text\">Qui sommes nous<\/span><\/a><\/div>\n\n\n<div style=\"height:var(--wp--preset--spacing--content)\" aria-hidden=\"true\" class=\"wp-block-spacer\"><\/div>\n\n\n\n<div class=\"wp-block-group alignwide has-base-background-color has-background is-layout-flow wp-block-group-is-layout-flow\">\n<p>Nous cherchons \u00e0 mettre du sens dans nos vies, nous sommes touch\u00e9s par l\u2019art et sa force d\u2019expression, sa capacit\u00e9 \u00e0 nous parler de choses qui nous d\u00e9passent. Nous choisissons des spectacles et ateliers qui promeuvent la foi dans en Dieu, dans l\u2019homme, dans l\u2019humanit\u00e9\u2026<\/p>\n\n\n\n<p>Nous voulons promouvoir le dialogue, une la\u00efcit\u00e9 ouverte et vivante.<\/p>\n\n\n\n<p>Nous relan\u00e7ons le festival pour 2026 sur les week-ends des 6, 7, 8 mars et 20, 21 et 22 mars 2026. Apr\u00e8s \u00ab&nbsp;La pr\u00e9sence \u00e0 soi&nbsp;\u00bb en 2024, \u00ab&nbsp;Le go\u00fbt des autres&nbsp;\u00bb en 2025, le th\u00e8me pour 2026 sera \u00ab&nbsp;La surprise du nous&nbsp;\u00bb<\/p>\n\n\n\n<p>Un NOUS qui r\u00e9v\u00e8le et \u00e9l\u00e8ve un JE. Un JE qui \u00e9l\u00e8ve le NOUS<br>Un NOUS qui \u00e9taye la construction d\u2019un JE authentique et un NOUS qui vient limiter le JE.<br>Un NOUS qui se construit dans le respect, dans la bienveillance, dans le r\u00e9el.<br>Le NOUS est bien loin de l\u2019entre-NOUS. Le NOUS se cr\u00e9e dans un espace ouvert<br>Le NOUS apparait dans la rencontre d\u2019une personne.<br>Le NOUS fait surgir quelque chose qui nous d\u00e9passe et c\u2019est au creux de cet inattendu, de cette surprise que le surgissement \u00e9merge.<\/p>\n<\/div>\n\n\n\n<div style=\"height:var(--wp--preset--spacing--content)\" aria-hidden=\"true\" class=\"wp-block-spacer\"><\/div>\n\n\n\n<div class=\"wp-block-group alignfull has-global-padding is-layout-constrained wp-block-group-is-layout-constrained\" style=\"margin-top:0;margin-bottom:0\">\n<h2 class=\"wp-block-heading has-text-align-left has-base-background-color has-background has-l-font-size\">L&rsquo;\u00e9quipe<\/h2>\n\n\n\n<div class=\"wp-block-columns alignwide has-base-background-color has-background is-layout-flex wp-container-core-columns-is-layout-415b43b4 wp-block-columns-is-layout-flex\" style=\"margin-top:var(--wp--preset--spacing--xl)\">\n<div class=\"wp-block-column is-layout-flow wp-block-column-is-layout-flow\" style=\"flex-basis:33%\">\n<div class=\"wp-block-group is-layout-flow wp-container-core-group-is-layout-168482ca wp-block-group-is-layout-flow\">\n<figure class=\"wp-block-image size-large has-custom-border\"><img decoding=\"async\" src=\"https:\/\/sens-foi.fr\/wp-content\/uploads\/2024\/11\/timothee.jpg\" alt=\"\" style=\"border-bottom-left-radius:20rem;border-bottom-right-radius:20rem;aspect-ratio:3\/4;object-fit:cover\"\/><\/figure>\n\n\n\n<h3 class=\"wp-block-heading has-text-align-center has-s-font-size\" style=\"text-transform:uppercase\">Timoth\u00e9e<\/h3>\n\n\n\n<p class=\"has-text-align-center has-s-font-size\" style=\"text-transform:uppercase\">Voir le beau dans nos vies<\/p>\n<\/div>\n<\/div>\n\n\n\n<div class=\"wp-block-column is-layout-flow wp-block-column-is-layout-flow\" style=\"flex-basis:33%\">\n<div class=\"wp-block-group is-layout-flow wp-container-core-group-is-layout-168482ca wp-block-group-is-layout-flow\">\n<figure class=\"wp-block-image size-large has-custom-border\"><img decoding=\"async\" src=\"https:\/\/sens-foi.fr\/wp-content\/uploads\/2024\/11\/IMG_1527-scaled-e1765143242684.jpeg\" alt=\"\" style=\"border-bottom-left-radius:20rem;border-bottom-right-radius:20rem;aspect-ratio:3\/4;object-fit:cover\"\/><\/figure>\n\n\n\n<h3 class=\"wp-block-heading has-text-align-center has-s-font-size\" style=\"text-transform:uppercase\">Am\u00e9lie<\/h3>\n\n\n\n<p class=\"has-text-align-center has-s-font-size\" style=\"text-transform:uppercase\">Avancer ensemble,<br>Avec l\u2019intranquilit\u00e9 pour compagne<br>Sans savoir o\u00f9 cela m\u00e8ne<\/p>\n<\/div>\n<\/div>\n\n\n\n<div class=\"wp-block-column is-layout-flow wp-block-column-is-layout-flow\" style=\"flex-basis:33%\">\n<div class=\"wp-block-group is-layout-flow wp-container-core-group-is-layout-168482ca wp-block-group-is-layout-flow\">\n<figure class=\"wp-block-image size-large has-custom-border\"><img decoding=\"async\" src=\"https:\/\/sens-foi.fr\/wp-content\/uploads\/2025\/11\/Jean-Yves.png\" alt=\"\" style=\"border-bottom-left-radius:20rem;border-bottom-right-radius:20rem;aspect-ratio:3\/4;object-fit:cover\"\/><\/figure>\n\n\n\n<h3 class=\"wp-block-heading has-text-align-center has-s-font-size\" style=\"text-transform:uppercase\">Jean-Yves<\/h3>\n\n\n\n<p class=\"has-text-align-center has-s-font-size\" style=\"text-transform:uppercase\">La cr\u00e9ation artistique ouvre \u00e0 la dimension spirituelle<br>\n\u00e7a m\u2019\u00e9l\u00e8ve!<\/p>\n<\/div>\n<\/div>\n<\/div>\n\n\n\n<div class=\"wp-block-columns alignwide has-primary-background-color has-background is-layout-flex wp-container-core-columns-is-layout-415b43b4 wp-block-columns-is-layout-flex\" style=\"margin-top:var(--wp--preset--spacing--xl)\">\n<div class=\"wp-block-column is-layout-flow wp-block-column-is-layout-flow\" style=\"flex-basis:33%\">\n<div class=\"wp-block-group is-layout-flow wp-container-core-group-is-layout-168482ca wp-block-group-is-layout-flow\">\n<figure class=\"wp-block-image size-large has-custom-border\"><img decoding=\"async\" src=\"https:\/\/sens-foi.fr\/wp-content\/uploads\/2024\/11\/Bene.jpg\" alt=\"\" style=\"border-bottom-left-radius:20rem;border-bottom-right-radius:20rem;aspect-ratio:3\/4;object-fit:cover\"\/><\/figure>\n\n\n\n<h3 class=\"wp-block-heading has-text-align-center has-s-font-size\" style=\"text-transform:uppercase\">B\u00e9n\u00e9dicte<\/h3>\n\n\n\n<p class=\"has-text-align-center has-s-font-size\" style=\"text-transform:uppercase\">En chemin avec l\u2019art et la th\u00e9ologie, j\u2019essaie de transmettre mes questionnements aux jeunes que j\u2019accompagne, qu\u00eateurs de sens.<\/p>\n<\/div>\n<\/div>\n\n\n\n<div class=\"wp-block-column is-layout-flow wp-block-column-is-layout-flow\" style=\"flex-basis:33%\">\n<div class=\"wp-block-group is-layout-flow wp-container-core-group-is-layout-168482ca wp-block-group-is-layout-flow\">\n<figure class=\"wp-block-image size-large has-custom-border\"><img decoding=\"async\" src=\"https:\/\/sens-foi.fr\/wp-content\/uploads\/2024\/11\/Maxime-e1765141935527.jpeg\" alt=\"\" style=\"border-bottom-left-radius:20rem;border-bottom-right-radius:20rem;aspect-ratio:3\/4;object-fit:cover\"\/><\/figure>\n\n\n\n<h3 class=\"wp-block-heading has-text-align-center has-s-font-size\" style=\"text-transform:uppercase\">Maxime<\/h3>\n\n\n\n<p class=\"has-text-align-center has-s-font-size\" style=\"text-transform:uppercase\">La fraternit\u00e9 n\u2019a pas de fronti\u00e8res<\/p>\n<\/div>\n<\/div>\n\n\n\n<div class=\"wp-block-column is-layout-flow wp-block-column-is-layout-flow\" style=\"flex-basis:33%\">\n<div class=\"wp-block-group is-layout-flow wp-container-core-group-is-layout-168482ca wp-block-group-is-layout-flow\">\n<figure class=\"wp-block-image size-large has-custom-border\"><img decoding=\"async\" src=\"https:\/\/sens-foi.fr\/wp-content\/uploads\/2024\/11\/Annick.jpg\" alt=\"\" style=\"border-bottom-left-radius:20rem;border-bottom-right-radius:20rem;aspect-ratio:3\/4;object-fit:cover\"\/><\/figure>\n\n\n\n<h3 class=\"wp-block-heading has-text-align-center has-s-font-size\" style=\"text-transform:uppercase\">Annick<\/h3>\n\n\n\n<p class=\"has-text-align-center has-s-font-size\" style=\"text-transform:uppercase\">Croire en ce monde,<br>\nDanser chaque seconde<\/p>\n<\/div>\n<\/div>\n<\/div>\n\n\n\n<div class=\"wp-block-columns alignwide has-base-background-color has-background is-layout-flex wp-container-core-columns-is-layout-415b43b4 wp-block-columns-is-layout-flex\" style=\"margin-top:var(--wp--preset--spacing--xl)\">\n<div class=\"wp-block-column is-layout-flow wp-block-column-is-layout-flow\" style=\"flex-basis:33%\">\n<div class=\"wp-block-group is-layout-flow wp-container-core-group-is-layout-168482ca wp-block-group-is-layout-flow\">\n<figure class=\"wp-block-image size-full has-custom-border\"><img loading=\"lazy\" decoding=\"async\" width=\"800\" height=\"1000\" src=\"https:\/\/sens-foi.fr\/wp-content\/uploads\/2024\/11\/PHOTO-2024-11-20-10-02-31-e1765146803116.jpg\" alt=\"\" class=\"wp-image-1298\" style=\"border-bottom-left-radius:20rem;border-bottom-right-radius:20rem;aspect-ratio:3\/4;object-fit:cover\" srcset=\"https:\/\/sens-foi.fr\/wp-content\/uploads\/2024\/11\/PHOTO-2024-11-20-10-02-31-e1765146803116.jpg 800w, https:\/\/sens-foi.fr\/wp-content\/uploads\/2024\/11\/PHOTO-2024-11-20-10-02-31-e1765146803116-240x300.jpg 240w, https:\/\/sens-foi.fr\/wp-content\/uploads\/2024\/11\/PHOTO-2024-11-20-10-02-31-e1765146803116-768x960.jpg 768w\" sizes=\"auto, (max-width: 800px) 100vw, 800px\" \/><\/figure>\n\n\n\n<h3 class=\"wp-block-heading has-text-align-center has-s-font-size\" style=\"text-transform:uppercase\">Jonathan<\/h3>\n\n\n\n<p class=\"has-text-align-center has-s-font-size\" style=\"text-transform:uppercase\">Chercher la trace de Dieu dans le monde<br>et tenter de la suivre<\/p>\n<\/div>\n<\/div>\n\n\n\n<div class=\"wp-block-column is-layout-flow wp-block-column-is-layout-flow\" style=\"flex-basis:33%\">\n<div class=\"wp-block-group is-layout-flow wp-container-core-group-is-layout-168482ca wp-block-group-is-layout-flow\">\n<figure class=\"wp-block-image size-large has-custom-border\"><img decoding=\"async\" src=\"https:\/\/sens-foi.fr\/wp-content\/uploads\/2024\/11\/vero.jpg\" alt=\"\" style=\"border-bottom-left-radius:20rem;border-bottom-right-radius:20rem;aspect-ratio:3\/4;object-fit:cover\"\/><\/figure>\n\n\n\n<h3 class=\"wp-block-heading has-text-align-center has-s-font-size\" style=\"text-transform:uppercase\">V\u00e9ronique<\/h3>\n\n\n\n<p class=\"has-text-align-center has-s-font-size\" style=\"text-transform:uppercase\">Voir la beaut\u00e9 du monde sous toutes ses formes<\/p>\n<\/div>\n<\/div>\n\n\n\n<div class=\"wp-block-column is-layout-flow wp-block-column-is-layout-flow\" style=\"flex-basis:33%\">\n<div class=\"wp-block-group is-layout-flow wp-container-core-group-is-layout-168482ca wp-block-group-is-layout-flow\">\n<figure class=\"wp-block-image size-full has-custom-border\"><img loading=\"lazy\" decoding=\"async\" width=\"1512\" height=\"2251\" src=\"https:\/\/sens-foi.fr\/wp-content\/uploads\/2025\/12\/Ludo.jpg\" alt=\"\" class=\"wp-image-1780\" style=\"border-bottom-left-radius:20rem;border-bottom-right-radius:20rem;aspect-ratio:3\/4;object-fit:cover\" srcset=\"https:\/\/sens-foi.fr\/wp-content\/uploads\/2025\/12\/Ludo.jpg 1512w, https:\/\/sens-foi.fr\/wp-content\/uploads\/2025\/12\/Ludo-202x300.jpg 202w, https:\/\/sens-foi.fr\/wp-content\/uploads\/2025\/12\/Ludo-688x1024.jpg 688w, https:\/\/sens-foi.fr\/wp-content\/uploads\/2025\/12\/Ludo-768x1143.jpg 768w, https:\/\/sens-foi.fr\/wp-content\/uploads\/2025\/12\/Ludo-1032x1536.jpg 1032w, https:\/\/sens-foi.fr\/wp-content\/uploads\/2025\/12\/Ludo-1376x2048.jpg 1376w\" sizes=\"auto, (max-width: 1512px) 100vw, 1512px\" \/><\/figure>\n\n\n\n<h3 class=\"wp-block-heading has-text-align-center has-m-font-size\" style=\"text-transform:uppercase\">Ludo<\/h3>\n<\/div>\n<\/div>\n<\/div>\n\n\n\n<div class=\"wp-block-columns alignwide has-primary-background-color has-background is-layout-flex wp-container-core-columns-is-layout-415b43b4 wp-block-columns-is-layout-flex\" style=\"margin-top:var(--wp--preset--spacing--xl)\">\n<div class=\"wp-block-column is-layout-flow wp-block-column-is-layout-flow\" style=\"flex-basis:33%\"><\/div>\n\n\n\n<div class=\"wp-block-column is-layout-flow wp-block-column-is-layout-flow\" style=\"flex-basis:33%\">\n<div class=\"wp-block-group is-layout-flow wp-container-core-group-is-layout-168482ca wp-block-group-is-layout-flow\">\n<figure class=\"wp-block-image size-full has-custom-border\"><img loading=\"lazy\" decoding=\"async\" width=\"1000\" height=\"750\" src=\"https:\/\/sens-foi.fr\/wp-content\/uploads\/2025\/12\/Dominique.jpg\" alt=\"\" class=\"wp-image-1919\" style=\"border-bottom-left-radius:20rem;border-bottom-right-radius:20rem;aspect-ratio:3\/4;object-fit:cover\" srcset=\"https:\/\/sens-foi.fr\/wp-content\/uploads\/2025\/12\/Dominique.jpg 1000w, https:\/\/sens-foi.fr\/wp-content\/uploads\/2025\/12\/Dominique-300x225.jpg 300w, https:\/\/sens-foi.fr\/wp-content\/uploads\/2025\/12\/Dominique-768x576.jpg 768w\" sizes=\"auto, (max-width: 1000px) 100vw, 1000px\" \/><\/figure>\n\n\n\n<h3 class=\"wp-block-heading has-text-align-center has-s-font-size\" style=\"text-transform:uppercase\">Dominique<\/h3>\n\n\n\n<p class=\"has-text-align-center has-s-font-size\" style=\"text-transform:uppercase\">Va\u00a0! N&rsquo;aie pas peur\u00a0!<br>Le monde est si beau\u00a0!<\/p>\n<\/div>\n<\/div>\n\n\n\n<div class=\"wp-block-column is-layout-flow wp-block-column-is-layout-flow\" style=\"flex-basis:33%\"><\/div>\n<\/div>\n<\/div>\n","protected":false},"excerpt":{"rendered":"<p>Nous cherchons \u00e0 mettre du sens dans nos vies, nous sommes touch\u00e9s par l\u2019art et sa force d\u2019expression, sa capacit\u00e9 \u00e0 nous parler de choses qui nous d\u00e9passent. Nous choisissons des spectacles&hellip;<\/p>\n","protected":false},"author":1,"featured_media":0,"parent":0,"menu_order":0,"comment_status":"closed","ping_status":"closed","template":"","meta":{"footnotes":""},"class_list":["post-1505","page","type-page","status-publish","hentry"],"_links":{"self":[{"href":"https:\/\/sens-foi.fr\/index.php\/wp-json\/wp\/v2\/pages\/1505","targetHints":{"allow":["GET"]}}],"collection":[{"href":"https:\/\/sens-foi.fr\/index.php\/wp-json\/wp\/v2\/pages"}],"about":[{"href":"https:\/\/sens-foi.fr\/index.php\/wp-json\/wp\/v2\/types\/page"}],"author":[{"embeddable":true,"href":"https:\/\/sens-foi.fr\/index.php\/wp-json\/wp\/v2\/users\/1"}],"replies":[{"embeddable":true,"href":"https:\/\/sens-foi.fr\/index.php\/wp-json\/wp\/v2\/comments?post=1505"}],"version-history":[{"count":42,"href":"https:\/\/sens-foi.fr\/index.php\/wp-json\/wp\/v2\/pages\/1505\/revisions"}],"predecessor-version":[{"id":1923,"href":"https:\/\/sens-foi.fr\/index.php\/wp-json\/wp\/v2\/pages\/1505\/revisions\/1923"}],"wp:attachment":[{"href":"https:\/\/sens-foi.fr\/index.php\/wp-json\/wp\/v2\/media?parent=1505"}],"curies":[{"name":"wp","href":"https:\/\/api.w.org\/{rel}","templated":true}]}}