{"id":1552,"date":"2025-11-24T19:08:04","date_gmt":"2025-11-24T18:08:04","guid":{"rendered":"https:\/\/sens-foi.fr\/?page_id=1552"},"modified":"2025-12-21T16:38:06","modified_gmt":"2025-12-21T15:38:06","slug":"petite-histoire-dune-aventure","status":"publish","type":"page","link":"https:\/\/sens-foi.fr\/index.php\/petite-histoire-dune-aventure\/","title":{"rendered":"Petite histoire d&rsquo;une aventure&#8230;"},"content":{"rendered":"<div class=\"wp-block-cover alignfull has-post-link\" style=\"padding-top:var(--wp--preset--spacing--m);padding-bottom:var(--wp--preset--spacing--m);min-height:20vh;aspect-ratio:unset;\"><span aria-hidden=\"true\" class=\"wp-block-cover__background has-primary-background-color has-background-dim-70 has-background-dim\"><\/span><div class=\"wp-block-cover__inner-container is-layout-flow wp-block-cover-is-layout-flow\"><h1 class=\"wp-block-post-title\">Petite histoire d&rsquo;une aventure&#8230;<\/h1>\n\n\n<p class=\"has-l-font-size\">Cr\u00e9ation avec Annick, Jean-Yves et Maxime, d\u2019un <strong>groupe de lecture \u00e0 voix haute<\/strong> \u00e0 partir du livre de <strong>Marie Balmary<\/strong> La divine origine \u2013 Dieu n\u2019a pas cr\u00e9\u00e9 l\u2019homme. Ce livre est centr\u00e9 sur les premiers chapitres de la gen\u00e8se relu par Marie Balmary, psychanalyste, famili\u00e8re de l\u2019h\u00e9breu et du grec. Aujourd\u2019hui, nous sommes huit, groupe ouvert \u00e0 tous, et nous r\u00e9unissons une fois tous les deux mois et sommes \u00e0 notre second livre.<\/p>\n<\/div><a href=\"https:\/\/sens-foi.fr\/index.php\/petite-histoire-dune-aventure\/\" class=\"wp-block-cover__post-link\"><span class=\"screen-reader-text\">Petite histoire d&rsquo;une aventure&#8230;<\/span><\/a><\/div>\n\n\n<div style=\"height:var(--wp--preset--spacing--content)\" aria-hidden=\"true\" class=\"wp-block-spacer\"><\/div>\n\n\n\n<div class=\"wp-block-group alignfull is-layout-flow wp-block-group-is-layout-flow\" style=\"margin-top:0;margin-bottom:0\">\n<div class=\"wp-block-columns is-layout-flex wp-container-core-columns-is-layout-28f84493 wp-block-columns-is-layout-flex\">\n<div class=\"wp-block-column has-base-background-color has-background has-global-padding is-layout-constrained wp-block-column-is-layout-constrained\">\n<div class=\"wp-block-group has-global-padding is-layout-constrained wp-block-group-is-layout-constrained\">\n<blockquote class=\"wp-block-quote is-layout-flow wp-block-quote-is-layout-flow\">\n<p>A partir de ce livre, nous avons d\u00e9couvert que <strong>Fran\u00e7ois Rancillac<\/strong> l\u2019avait mis en sc\u00e8ne. Nous avons fait venir en mars 2020 \u00e0 Marthe et Marie \u00e0 Lomme, puis en octobre 2021 \u00e0 St Maurice \u00e0 Lille la pi\u00e8ce de th\u00e9\u00e2tre \u00ab Cherchez la faute \u00bb de la compagnie Th\u00e9\u00e2tre sur parole.<\/p>\n<\/blockquote>\n<\/div>\n\n\n\n<div class=\"wp-block-group has-primary-background-color has-background has-global-padding is-layout-constrained wp-block-group-is-layout-constrained\">\n<blockquote class=\"wp-block-quote is-layout-flow wp-block-quote-is-layout-flow\">\n<p>A partir de cette pi\u00e8ce, un second petit groupe \u00ab Joie, Bible et psy \u00bb s\u2019est cr\u00e9\u00e9 en 2022. Nous sommes 4 psy et nous voyons tous les deux mois pour partager sur notre pratique clinique \u00e0 partir d\u2019un texte de la Bible.<\/p>\n<\/blockquote>\n<\/div>\n\n\n\n<div class=\"wp-block-group has-global-padding is-layout-constrained wp-block-group-is-layout-constrained\">\n<blockquote class=\"wp-block-quote is-layout-flow wp-block-quote-is-layout-flow\">\n<p>Cet hiver, nous avons rencontr\u00e9 une guide de mus\u00e9e <strong>Pauline Pons<\/strong>. Nous avons visit\u00e9 le mus\u00e9e Orsay sur le th\u00e8me \u00ab De la tradition \u00e0 l\u2019innovation \u00bb. Visite organis\u00e9e dans le cadre des APM dont Jean-Yves fait partie.<\/p>\n<\/blockquote>\n<\/div>\n<\/div>\n\n\n\n<div class=\"wp-block-column has-primary-background-color has-background has-global-padding is-layout-constrained wp-block-column-is-layout-constrained\">\n<p>Les deux premi\u00e8res \u00e9ditions du festival Art, Sens et Foi ont eu lieu en 2023 et 2024 dans la M\u00e9tropole Lilloise.<\/p>\n\n\n\n<div style=\"height:var(--wp--preset--spacing--content)\" aria-hidden=\"true\" class=\"wp-block-spacer\"><\/div>\n\n\n\n<figure class=\"wp-block-image size-large\"><img loading=\"lazy\" decoding=\"async\" width=\"1024\" height=\"768\" src=\"https:\/\/sens-foi.fr\/wp-content\/uploads\/2023\/12\/IMG_9640-1024x768.jpg\" alt=\"\" class=\"wp-image-1198\" srcset=\"https:\/\/sens-foi.fr\/wp-content\/uploads\/2023\/12\/IMG_9640-1024x768.jpg 1024w, https:\/\/sens-foi.fr\/wp-content\/uploads\/2023\/12\/IMG_9640-300x225.jpg 300w, https:\/\/sens-foi.fr\/wp-content\/uploads\/2023\/12\/IMG_9640-768x576.jpg 768w, https:\/\/sens-foi.fr\/wp-content\/uploads\/2023\/12\/IMG_9640-1536x1152.jpg 1536w, https:\/\/sens-foi.fr\/wp-content\/uploads\/2023\/12\/IMG_9640-2048x1536.jpg 2048w\" sizes=\"auto, (max-width: 1024px) 100vw, 1024px\" \/><\/figure>\n<\/div>\n<\/div>\n<\/div>\n","protected":false},"excerpt":{"rendered":"<p>A partir de ce livre, nous avons d\u00e9couvert que Fran\u00e7ois Rancillac l\u2019avait mis en sc\u00e8ne. Nous avons fait venir en mars 2020 \u00e0 Marthe et Marie \u00e0 Lomme, puis en octobre 2021&hellip;<\/p>\n","protected":false},"author":1,"featured_media":0,"parent":0,"menu_order":0,"comment_status":"closed","ping_status":"closed","template":"","meta":{"footnotes":""},"class_list":["post-1552","page","type-page","status-publish","hentry"],"_links":{"self":[{"href":"https:\/\/sens-foi.fr\/index.php\/wp-json\/wp\/v2\/pages\/1552","targetHints":{"allow":["GET"]}}],"collection":[{"href":"https:\/\/sens-foi.fr\/index.php\/wp-json\/wp\/v2\/pages"}],"about":[{"href":"https:\/\/sens-foi.fr\/index.php\/wp-json\/wp\/v2\/types\/page"}],"author":[{"embeddable":true,"href":"https:\/\/sens-foi.fr\/index.php\/wp-json\/wp\/v2\/users\/1"}],"replies":[{"embeddable":true,"href":"https:\/\/sens-foi.fr\/index.php\/wp-json\/wp\/v2\/comments?post=1552"}],"version-history":[{"count":11,"href":"https:\/\/sens-foi.fr\/index.php\/wp-json\/wp\/v2\/pages\/1552\/revisions"}],"predecessor-version":[{"id":1915,"href":"https:\/\/sens-foi.fr\/index.php\/wp-json\/wp\/v2\/pages\/1552\/revisions\/1915"}],"wp:attachment":[{"href":"https:\/\/sens-foi.fr\/index.php\/wp-json\/wp\/v2\/media?parent=1552"}],"curies":[{"name":"wp","href":"https:\/\/api.w.org\/{rel}","templated":true}]}}

<div class="wp-block-cover alignfull has-post-link" style="padding-top:var(--wp--preset--spacing--m);padding-bottom:var(--wp--preset--spacing--m);min-height:20vh;aspect-ratio:unset;"><span aria-hidden="true" class="wp-block-cover__background has-primary-background-color has-background-dim-70 has-background-dim"></span><div class="wp-block-cover__inner-container is-layout-flow wp-block-cover-is-layout-flow"><h1 class="wp-block-post-title">Petite histoire d&rsquo;une aventure&#8230;</h1>


<p class="has-l-font-size">Création avec Annick, Jean-Yves et Maxime, d’un <strong>groupe de lecture à voix haute</strong> à partir du livre de <strong>Marie Balmary</strong> La divine origine – Dieu n’a pas créé l’homme. Ce livre est centré sur les premiers chapitres de la genèse relu par Marie Balmary, psychanalyste, familière de l’hébreu et du grec. Aujourd’hui, nous sommes huit, groupe ouvert à tous, et nous réunissons une fois tous les deux mois et sommes à notre second livre.</p>
</div><a href="https://sens-foi.fr/index.php/petite-histoire-dune-aventure/" class="wp-block-cover__post-link"><span class="screen-reader-text">Petite histoire d&rsquo;une aventure&#8230;</span></a></div>


<div style="height:var(--wp--preset--spacing--content)" aria-hidden="true" class="wp-block-spacer"></div>



<div class="wp-block-group alignfull is-layout-flow wp-block-group-is-layout-flow" style="margin-top:0;margin-bottom:0">
<div class="wp-block-columns is-layout-flex wp-container-core-columns-is-layout-28f84493 wp-block-columns-is-layout-flex">
<div class="wp-block-column has-base-background-color has-background has-global-padding is-layout-constrained wp-block-column-is-layout-constrained">
<div class="wp-block-group has-global-padding is-layout-constrained wp-block-group-is-layout-constrained">
<blockquote class="wp-block-quote is-layout-flow wp-block-quote-is-layout-flow">
<p>A partir de ce livre, nous avons découvert que <strong>François Rancillac</strong> l’avait mis en scène. Nous avons fait venir en mars 2020 à Marthe et Marie à Lomme, puis en octobre 2021 à St Maurice à Lille la pièce de théâtre « Cherchez la faute » de la compagnie Théâtre sur parole.</p>
</blockquote>
</div>



<div class="wp-block-group has-primary-background-color has-background has-global-padding is-layout-constrained wp-block-group-is-layout-constrained">
<blockquote class="wp-block-quote is-layout-flow wp-block-quote-is-layout-flow">
<p>A partir de cette pièce, un second petit groupe « Joie, Bible et psy » s’est créé en 2022. Nous sommes 4 psy et nous voyons tous les deux mois pour partager sur notre pratique clinique à partir d’un texte de la Bible.</p>
</blockquote>
</div>



<div class="wp-block-group has-global-padding is-layout-constrained wp-block-group-is-layout-constrained">
<blockquote class="wp-block-quote is-layout-flow wp-block-quote-is-layout-flow">
<p>Cet hiver, nous avons rencontré une guide de musée <strong>Pauline Pons</strong>. Nous avons visité le musée Orsay sur le thème « De la tradition à l’innovation ». Visite organisée dans le cadre des APM dont Jean-Yves fait partie.</p>
</blockquote>
</div>
</div>



<div class="wp-block-column has-primary-background-color has-background has-global-padding is-layout-constrained wp-block-column-is-layout-constrained">
<p>Les deux premières éditions du festival Art, Sens et Foi ont eu lieu en 2023 et 2024 dans la Métropole Lilloise.</p>



<div style="height:var(--wp--preset--spacing--content)" aria-hidden="true" class="wp-block-spacer"></div>



<figure class="wp-block-image size-large"><img loading="lazy" decoding="async" width="1024" height="768" src="https://sens-foi.fr/wp-content/uploads/2023/12/IMG_9640-1024x768.jpg" alt="" class="wp-image-1198" srcset="https://sens-foi.fr/wp-content/uploads/2023/12/IMG_9640-1024x768.jpg 1024w, https://sens-foi.fr/wp-content/uploads/2023/12/IMG_9640-300x225.jpg 300w, https://sens-foi.fr/wp-content/uploads/2023/12/IMG_9640-768x576.jpg 768w, https://sens-foi.fr/wp-content/uploads/2023/12/IMG_9640-1536x1152.jpg 1536w, https://sens-foi.fr/wp-content/uploads/2023/12/IMG_9640-2048x1536.jpg 2048w" sizes="auto, (max-width: 1024px) 100vw, 1024px" /></figure>
</div>
</div>
</div>

<p>A partir de ce livre, nous avons découvert que François Rancillac l’avait mis en scène. Nous avons fait venir en mars 2020 à Marthe et Marie à Lomme, puis en octobre 2021&hellip;</p>
