{"id":1587,"date":"2025-11-29T20:35:01","date_gmt":"2025-11-29T19:35:01","guid":{"rendered":"https:\/\/sens-foi.fr\/?page_id=1587"},"modified":"2025-12-21T17:27:23","modified_gmt":"2025-12-21T16:27:23","slug":"inscription","status":"publish","type":"page","link":"https:\/\/sens-foi.fr\/index.php\/inscription\/","title":{"rendered":"Inscription"},"content":{"rendered":"<div class=\"wp-block-cover alignfull has-post-link\" style=\"padding-top:var(--wp--preset--spacing--m);padding-bottom:var(--wp--preset--spacing--m);min-height:20vh;aspect-ratio:unset;\"><span aria-hidden=\"true\" class=\"wp-block-cover__background has-primary-background-color has-background-dim-70 has-background-dim\"><\/span><div class=\"wp-block-cover__inner-container is-layout-flow wp-block-cover-is-layout-flow\"><h1 class=\"wp-block-post-title\">Inscription<\/h1>\n\n\n<div class=\"wp-block-group has-base-background-color has-background is-layout-flow wp-block-group-is-layout-flow\">\n<div class=\"wp-block-group is-nowrap is-layout-flex wp-container-core-group-is-layout-5c4495dd wp-block-group-is-layout-flex\">\n<figure class=\"wp-block-image size-full\"><a href=\"https:\/\/www.billetweb.fr\/festival-art-sens-et-foi-2026\"><img loading=\"lazy\" decoding=\"async\" width=\"215\" height=\"70\" src=\"https:\/\/sens-foi.fr\/wp-content\/uploads\/2025\/12\/billetweb_black.png\" alt=\"BilletWeb\" class=\"wp-image-1773\"\/><\/a><\/figure>\n\n\n\n<p>Les inscriptions sont possibles sur <a href=\"https:\/\/www.billetweb.fr\/festival-art-sens-et-foi-2026\" data-type=\"link\" data-id=\"https:\/\/www.billetweb.fr\/festival-art-sens-et-foi-2026\" target=\"_blank\" rel=\"noreferrer noopener\">BilletWeb<\/a> et obligatoires pour les ateliers (places limit\u00e9es).<\/p>\n<\/div>\n\n\n\n<p>Possibilit\u00e9 de sinscrire sur place le jour m\u00eame dans la limite des places disponibles.<\/p>\n\n\n\n<p>Le festival se d\u00e9roule le 4 mars et sur les weekends du 6 au 8 mars 2026 et du 20 au 22 mars 2026, au sein de la m\u00e9tropole lilloise.<\/p>\n\n\n\n<div class=\"wp-block-group has-base-background-color has-background is-nowrap is-layout-flex wp-container-core-group-is-layout-6c531013 wp-block-group-is-layout-flex\">\n<p>Vous pouvez nous soutenir avec un don sur <\/p>\n\n\n\n<figure class=\"wp-block-image size-full\"><a href=\"https:\/\/www.helloasso.com\/associations\/association-art-sens-et-foi\/formulaires\/2\"><img loading=\"lazy\" decoding=\"async\" width=\"200\" height=\"44\" src=\"https:\/\/sens-foi.fr\/wp-content\/uploads\/2025\/12\/logo-helloasso1.png\" alt=\"\" class=\"wp-image-1771\"\/><\/a><\/figure>\n<\/div>\n\n\n\n<p>Nous sommes reconnus d&rsquo;int\u00e9r\u00eat g\u00e9n\u00e9ral. Si vous donnez 100 euros, vous serez d\u00e9fiscalis\u00e9s de 66 euros. Nous vous enverrons un re\u00e7u fiscal.<\/p>\n<\/div>\n<\/div><a href=\"https:\/\/sens-foi.fr\/index.php\/inscription\/\" class=\"wp-block-cover__post-link\"><span class=\"screen-reader-text\">Inscription<\/span><\/a><\/div>\n\n\n<div style=\"height:var(--wp--preset--spacing--content)\" aria-hidden=\"true\" class=\"wp-block-spacer\"><\/div>\n\n\n\n<div class=\"wp-block-group alignfull has-base-background-color has-background is-layout-flow wp-block-group-is-layout-flow\" style=\"margin-top:0;margin-bottom:0\">\n<p>Pour toute question, d\u00e9tail, pr\u00e9cision, vous pouvez <strong>nous contacter<\/strong> :<\/p>\n\n\n\n<p>Soit par mail : <a href=\"mailto:contact@sens-foi.fr\" target=\"_blank\" rel=\"noreferrer noopener\">contact@sens-foi.fr<\/a><\/p>\n\n\n\n<p>Soit par t\u00e9l\u00e9phone : 06 08 35 74 23<\/p>\n\n\n\n<p>Pour recevoir notre newsletter, inscrivez-vous <a href=\"https:\/\/2a35f036.sibforms.com\/serve\/MUIFANVLW5d6MF-yaCYNbCFUYFHGzl5wNtAzxPqfXxo_2iST2PsWsSmXOspnD167bvg_5tH0iHnSs7BUbM_oLKesD6ncY6EqkbDl0mNpqUV5uLenCJCQSbReD35IMouKTHW_ubedT6dgfjjw1T2ewQyKLekWM1k57rDa-OIbvlfl7S4Nc_EfMEepo9oB8ft9Lh5sbw6hYL87QtXC\" target=\"_blank\" rel=\"noreferrer noopener\">ici<\/a>.<\/p>\n<\/div>\n","protected":false},"excerpt":{"rendered":"<p>Pour toute question, d\u00e9tail, pr\u00e9cision, vous pouvez nous contacter : Soit par mail : contact@sens-foi.fr Soit par t\u00e9l\u00e9phone : 06 08 35 74 23 Pour recevoir notre newsletter, inscrivez-vous ici.<\/p>\n","protected":false},"author":1,"featured_media":0,"parent":0,"menu_order":0,"comment_status":"closed","ping_status":"closed","template":"","meta":{"footnotes":""},"class_list":["post-1587","page","type-page","status-publish","hentry"],"_links":{"self":[{"href":"https:\/\/sens-foi.fr\/index.php\/wp-json\/wp\/v2\/pages\/1587","targetHints":{"allow":["GET"]}}],"collection":[{"href":"https:\/\/sens-foi.fr\/index.php\/wp-json\/wp\/v2\/pages"}],"about":[{"href":"https:\/\/sens-foi.fr\/index.php\/wp-json\/wp\/v2\/types\/page"}],"author":[{"embeddable":true,"href":"https:\/\/sens-foi.fr\/index.php\/wp-json\/wp\/v2\/users\/1"}],"replies":[{"embeddable":true,"href":"https:\/\/sens-foi.fr\/index.php\/wp-json\/wp\/v2\/comments?post=1587"}],"version-history":[{"count":21,"href":"https:\/\/sens-foi.fr\/index.php\/wp-json\/wp\/v2\/pages\/1587\/revisions"}],"predecessor-version":[{"id":1942,"href":"https:\/\/sens-foi.fr\/index.php\/wp-json\/wp\/v2\/pages\/1587\/revisions\/1942"}],"wp:attachment":[{"href":"https:\/\/sens-foi.fr\/index.php\/wp-json\/wp\/v2\/media?parent=1587"}],"curies":[{"name":"wp","href":"https:\/\/api.w.org\/{rel}","templated":true}]}}

<div class="wp-block-cover alignfull has-post-link" style="padding-top:var(--wp--preset--spacing--m);padding-bottom:var(--wp--preset--spacing--m);min-height:20vh;aspect-ratio:unset;"><span aria-hidden="true" class="wp-block-cover__background has-primary-background-color has-background-dim-70 has-background-dim"></span><div class="wp-block-cover__inner-container is-layout-flow wp-block-cover-is-layout-flow"><h1 class="wp-block-post-title">Inscription</h1>


<div class="wp-block-group has-base-background-color has-background is-layout-flow wp-block-group-is-layout-flow">
<div class="wp-block-group is-nowrap is-layout-flex wp-container-core-group-is-layout-5c4495dd wp-block-group-is-layout-flex">
<figure class="wp-block-image size-full"><a href="https://www.billetweb.fr/festival-art-sens-et-foi-2026"><img loading="lazy" decoding="async" width="215" height="70" src="https://sens-foi.fr/wp-content/uploads/2025/12/billetweb_black.png" alt="BilletWeb" class="wp-image-1773"/></a></figure>



<p>Les inscriptions sont possibles sur <a href="https://www.billetweb.fr/festival-art-sens-et-foi-2026" data-type="link" data-id="https://www.billetweb.fr/festival-art-sens-et-foi-2026" target="_blank" rel="noreferrer noopener">BilletWeb</a> et obligatoires pour les ateliers (places limitées).</p>
</div>



<p>Possibilité de sinscrire sur place le jour même dans la limite des places disponibles.</p>



<p>Le festival se déroule le 4 mars et sur les weekends du 6 au 8 mars 2026 et du 20 au 22 mars 2026, au sein de la métropole lilloise.</p>



<div class="wp-block-group has-base-background-color has-background is-nowrap is-layout-flex wp-container-core-group-is-layout-6c531013 wp-block-group-is-layout-flex">
<p>Vous pouvez nous soutenir avec un don sur </p>



<figure class="wp-block-image size-full"><a href="https://www.helloasso.com/associations/association-art-sens-et-foi/formulaires/2"><img loading="lazy" decoding="async" width="200" height="44" src="https://sens-foi.fr/wp-content/uploads/2025/12/logo-helloasso1.png" alt="" class="wp-image-1771"/></a></figure>
</div>



<p>Nous sommes reconnus d&rsquo;intérêt général. Si vous donnez 100 euros, vous serez défiscalisés de 66 euros. Nous vous enverrons un reçu fiscal.</p>
</div>
</div><a href="https://sens-foi.fr/index.php/inscription/" class="wp-block-cover__post-link"><span class="screen-reader-text">Inscription</span></a></div>


<div style="height:var(--wp--preset--spacing--content)" aria-hidden="true" class="wp-block-spacer"></div>



<div class="wp-block-group alignfull has-base-background-color has-background is-layout-flow wp-block-group-is-layout-flow" style="margin-top:0;margin-bottom:0">
<p>Pour toute question, détail, précision, vous pouvez <strong>nous contacter</strong> :</p>



<p>Soit par mail : <a href="mailto:contact@sens-foi.fr" target="_blank" rel="noreferrer noopener">contact@sens-foi.fr</a></p>



<p>Soit par téléphone : 06 08 35 74 23</p>



<p>Pour recevoir notre newsletter, inscrivez-vous <a href="https://2a35f036.sibforms.com/serve/MUIFANVLW5d6MF-yaCYNbCFUYFHGzl5wNtAzxPqfXxo_2iST2PsWsSmXOspnD167bvg_5tH0iHnSs7BUbM_oLKesD6ncY6EqkbDl0mNpqUV5uLenCJCQSbReD35IMouKTHW_ubedT6dgfjjw1T2ewQyKLekWM1k57rDa-OIbvlfl7S4Nc_EfMEepo9oB8ft9Lh5sbw6hYL87QtXC" target="_blank" rel="noreferrer noopener">ici</a>.</p>
</div>

<p>Pour toute question, détail, précision, vous pouvez nous contacter : Soit par mail : contact@sens-foi.fr Soit par téléphone : 06 08 35 74 23 Pour recevoir notre newsletter, inscrivez-vous ici.</p>
